alculate the greatest common divisor of 8770 and 60.
10
What is the highest common divisor of 485 and 291?
97
Calculate the greatest common divisor of 16 and 4696.
8
Calculate the greatest common factor of 14 and 13230.
14
What is the greatest common divisor of 679 and 485?
97
Calculate the greatest common factor of 187 and 22.
11
Calculate the highest common divisor of 10714 and 66.
22
Calculate the greatest common factor of 3523 and 143.
13
Calculate the highest common factor of 32648 and 33.
11
What is the greatest common divisor of 9 and 25794?
9
What is the highest common factor of 23 and 81213?
23
Calculate the highest common factor of 275 and 25.
25
What is the highest common factor of 109 and 14?
1
What is the highest common factor of 87 and 20967?
87
Calculate the greatest common factor of 1274 and 98.
98
What is the greatest common factor of 85 and 2635?
85
What is the greatest common factor of 116 and 244?
4
Calculate the greatest common divisor of 88 and 1408.
88
What is the highest common factor of 96 and 624?
48
Calculate the greatest common factor of 57 and 2413.
19
What is the highest common divisor of 7 and 91?
7
Calculate the greatest common divisor of 126 and 546.
42
Calculate the greatest common divisor of 90 and 145.
5
Calculate the greatest common factor of 52 and 1612.
52
What is the greatest common divisor of 3 and 12?
3
Calculate the greatest common divisor of 47 and 47.
47
What is the highest common factor of 2485 and 70?
35
What is the highest common factor of 2528 and 32?
32
What is the greatest common factor of 90 and 150?
30
What is the highest common factor of 1007 and 19?
19
What is the highest common divisor of 301 and 344?
43
Calculate the highest common factor of 5695 and 595.
85
Calculate the highest common factor of 32 and 44.
4
Calculate the highest common factor of 178 and 40228.
178
What is the greatest common divisor of 8 and 1048?
8
What is the highest common divisor of 39 and 221?
13
Calculate the greatest common factor of 30 and 530.
10
Calculate the highest common divisor of 13 and 611.
13
Calculate the greatest common factor of 979 and 178.
89
Calculate the highest common divisor of 34 and 901.
17
What is the highest common divisor of 36 and 5436?
36
What is the greatest common factor of 10 and 80?
10
What is the highest common divisor of 18876 and 66?
66
Calculate the greatest common factor of 620 and 4495.
155
What is the greatest common factor of 1349 and 71?
71
Calculate the greatest common factor of 161 and 207.
23
Calculate the greatest common divisor of 1300 and 100.
100
What is the highest common factor of 4175 and 150?
25
Calculate the greatest common divisor of 260 and 416.
52
What is the highest common factor of 335 and 67?
67
Calculate the greatest common divisor of 84 and 104.
4
What is the greatest common factor of 150 and 275?
25
Calculate the highest common divisor of 36 and 288.
36
Calculate the greatest common divisor of 1 and 67.
1
Calculate the greatest common factor of 195 and 285.
15
What is the greatest common divisor of 123337 and 29?
29
Calculate the greatest common divisor of 729 and 18.
9
Calculate the highest common divisor of 395 and 40.
5
What is the greatest common factor of 63 and 225?
9
Calculate the highest common divisor of 303 and 202.
101
What is the highest common factor of 45 and 69?
3
Calculate the greatest common divisor of 243 and 63.
9
Calculate the greatest common divisor of 99 and 264.
33
Calculate the greatest common factor of 256 and 96.
32
Calculate the highest common divisor of 1624 and 56.
56
What is the greatest common divisor of 126 and 27?
9
Calculate the greatest common divisor of 68 and 5644.
68
Calculate the highest common divisor of 5025 and 180.
15
What is the greatest common divisor of 24661 and 65?
13
Calculate the highest common factor of 344 and 8.
8
What is the greatest common factor of 129 and 301?
43
Calculate the greatest common divisor of 48 and 44224.
16
Calculate the highest common factor of 27 and 24.
3
What is the highest common divisor of 46 and 5129?
23
Calculate the highest common factor of 27 and 1.
1
What is the greatest common factor of 755 and 4832?
151
Calculate the highest common divisor of 63 and 81.
9
Calculate the highest common factor of 432 and 2862.
54
What is the greatest common divisor of 18 and 3978?
18
What is the highest common divisor of 252 and 4?
4
What is the greatest common divisor of 225 and 25?
25
What is the highest common divisor of 6 and 153?
3
What is the highest common divisor of 34 and 3315?
17
What is the highest common factor of 66 and 3894?
66
What is the highest common factor of 62 and 589?
31
What is the highest common divisor of 136 and 408?
136
What is the greatest common factor of 64 and 296?
8
Calculate the highest common factor of 644 and 368.
92
Calculate the greatest common factor of 46 and 46.
46
Calculate the greatest common divisor of 16 and 52.
4
What is the highest common divisor of 13452 and 456?
228
What is the highest common divisor of 6 and 9720?
6
What is the highest common divisor of 711 and 9717?
237
Calculate the greatest common factor of 955 and 10.
5
What is the highest common divisor of 1310 and 150?
10
Calculate the highest common divisor of 15 and 75.
15
What is the highest common divisor of 2288 and 39?
13
What is the highest common factor of 12 and 3804?
12
What is the greatest common divisor of 448 and 8?
8
What is the highest common divisor of 208 and 169?
13
Calculate the greatest common divisor of 63 and 182.
7
Calculate the greatest common factor of 328 and 48.
8
What is the greatest common divisor of 352 and 418?
22
Calculate the highest common divisor of 204 and 7089.
51
Calculate the greatest common divisor of 12 and 96.
12
What is the highest common factor of 480 and 6576?
48
Calculate the highest common factor of 10 and 2315.
5
What is the highest common divisor of 9 and 2601?
9
What is the highest common factor of 79 and 1817?
79
What is the greatest common factor of 336 and 21?
21
What is the highest common factor of 121 and 385?
11
Calculate the greatest common factor of 1125 and 9.
9
Calculate the highest common divisor of 188 and 58468.
188
Calculate the greatest common divisor of 66 and 4422.
66
Calculate the highest common divisor of 242 and 1573.
121
Calculate the highest common factor of 1332 and 162.
18
What is the highest common factor of 3969 and 81?
81
Calculate the highest common divisor of 12 and 30.
6
Calculate the highest common divisor of 357 and 2652.
51
Calculate the greatest common divisor of 4833 and 36.
9
Calculate the greatest common factor of 285 and 31065.
285
What is the highest common factor of 546 and 3510?
78
Calculate the greatest common factor of 64 and 248.
8
What is the highest common divisor of 33 and 363?
33
What is the greatest common factor of 20 and 7?
1
What is the greatest common factor of 3247 and 68?
17
What is the greatest common divisor of 94 and 423?
47
Calculate the highest common divisor of 12 and 768.
12
What is the greatest common divisor of 5525 and 272?
17
What is the highest common factor of 18 and 402?
6
What is the highest common divisor of 4860 and 720?
180
What is the highest common factor of 363 and 99?
33
Calculate the highest common factor of 3 and 9.
3
Calculate the highest common divisor of 194 and 97.
97
Calculate the highest common divisor of 89 and 1.
1
Calculate the greatest common factor of 6665 and 43.
43
What is the highest common factor of 364 and 35854?
182
Calculate the highest common divisor of 1311 and 69.
69
Calculate the greatest common factor of 42 and 5985.
21
Calculate the highest common factor of 2079 and 54.
27
What is the highest common divisor of 3 and 29?
1
Calculate the greatest common divisor of 21 and 147.
21
Calculate the greatest common divisor of 2195 and 5.
5
Calculate the highest common divisor of 33 and 781.
11
Calculate the highest common divisor of 254 and 4.
2
Calculate the greatest common divisor of 13416 and 624.
312
What is the greatest common factor of 132 and 96?
12
Calculate the highest common factor of 72 and 560.
8
Calculate the greatest common factor of 4828 and 426.
142
Calculate the greatest common factor of 21 and 1869.
21
What is the highest c